4 - z**3/3 + z**2. Determine v(d).
-10
Let z be -6*(-2 + 6 - 5). Let v(l) = l + 2. What is v(z)?
8
Let i(c) be the second derivative of -c + 1/2*c**2 + 0 - 2/3*c**3. Let b = -2 - 0. What is i(b)?
9
Suppose -g + 3 = x - 0, -2*g + 4 = x. Let r(u) = 0 + x - 4 + u. What is r(1)?
-1
Let t(b) be the second derivative of -b**6/360 - b**5/20 - b**4/4 + b**3/6 - b. Let r(d) be the second derivative of t(d). Determine r(-5).
-1
Suppose -13*k + 5 = 70. Let n(w) = -w**2 - 3*w - 7. Give n(k).
-17
Let m(s) = s + 1. Let f be m(2). Let u(y) = -1 + f*y**2 - 2*y**3 - 4*y**2 + y**3. Calculate u(-2).
3
Let l(r) = -r - 6. Suppose 0 = 3*t - 5*n + 15, -3*n = 7*t - 2*t - 9. Determine l(t).
-6
Let m = -28 - -27. Let i(v) = v**3 - 1. Give i(m).
-2
Let j(h) = -7*h + 9*h**2 - 6*h - h**3 + 1 + 5*h + 0*h. Give j(8).
1
Let g(v) = v**2 + 16*v + 19. Let o be g(-15). Suppose -3*q + 5 = -8*q + 4*a, -q = -o*a + 1. Let u(j) = -3*j**3 - j**2 + j + 1. Calculate u(q).
2
Suppose 2*y + 2*q = 1 + 5, 0 = -y + 4*q - 2. Let k(d) = 2*d**2 - 2*d + 1. Determine k(y).
5
Let g(b) = -b**3 + 2*b**2 + 8*b - 5. Let w be g(4). Let d(v) = v**2 + 3*v - 6. Calculate d(w).
4
Let f(h) = -6*h**2 + 8*h - 14. Let s(w) = 2*w**2 - 3*w + 5. Let o(b) = 4*f(b) + 11*s(b). Suppose -6*l = -11*l - 5. Determine o(l).
-2
Let a(z) = 1. Let r(y) = 10*y + 5. Let g(w) = -6*a(w) + r(w). Let f(c) = c**2 + c - 1. Let j be f(1). What is g(j)?
9
Let x(u) be the third derivative of -2*u**2 + 0 - 3/8*u**4 + 1/6*u**3 + 0*u. Let n = -32 + 33. What is x(n)?
-8
Suppose -7*b = 32 - 4. Let o(m) = m**3 + 4*m**2 + m - 2. Give o(b).
-6
Let z(g) = g**3 + 6*g**2 + 3*g - 5. Suppose -7 = 2*v + 3. What is z(v)?
5
Suppose -7*q = -6*q - 5. Suppose -s - 27 = -3*i + 2*s, q*i = 2*s + 33. Let d(k) = k**2 - 3*k - 7. Determine d(i).
3
Let g(y) = -3*y + 3. Let v(z) = z - 1. Let d(r) = g(r) + 2*v(r). Suppose -2*f - 3*f = -15. Let l(a) = -a**2 + 3*a + 4. Let c be l(f). Give d(c).
-3
Suppose -z + 4*z = -3*o - 6, 5*z = 4*o - 37. Let y(a) be the second derivative of -a**5/20 - a**4/2 - a**3 - 3*a**2/2 - 28*a. Give y(z).
2
Suppose -m + 1 = 7. Let h(z) be the first derivative of -z**3/3 - 5*z**2/2 - 13. Calculate h(m).
-6
Let q(v) = 2*v**3 + 3*v**2 - 5*v - 4. Suppose l - 9 = 2*z, -2*z = -z - 5*l + 18. What is q(z)?
-16
Let t(r) = 2*r**3 + r**2 + 1. Let d(c) = c - 9. Let a be d(7). Determine t(a).
-11
Let f(z) = z**2 - 4*z - 6. Let x(a) = -a**2 - 7*a - 3. Let s be x(-5). Give f(s).
15
Let t(z) = z - 1. Let q(s) = s**2 - 4*s + 3. Let a(u) = -q(u) - 3*t(u). Determine a(-3).
-12
Let f(a) = -a**2 - 5*a - 1. Let o be (0 - -4)/(7 - 8). Determine f(o).
3
Let h(u) be the second derivative of u**4/2 + u**3/6 + 23*u. What is h(-1)?
5
Suppose -5*b - 13 = 27. Let v be ((-34)/102)/(2/(-12*1)). Let h = v + b. Let j(q) = -q - 6. Calculate j(h).
0
Let q(k) = -4*k + 1. Let n be q(-1). Let b(m) = m - 3. Let p be b(n). Let f(y) = -y**3 + y**2 + 2*y - 2. Calculate f(p).
-2
Let y(g) be the second derivative of 1/12*g**4 + 1/3*g**3 + 1/20*g**5 + 1/2*g**2 - 2*g + 0. Suppose -3*o + 5*c + 5 + 17 = 0, 0 = -4*c - 20. Give y(o).
-1
Let u(g) = 5*g**2 + 6*g. Let y(c) = -c**2 + 1. Let n(s) = u(s) + 4*y(s). What is n(-6)?
4
Let k = 0 - -14. Suppose -3*f - k = -q, -q - 4*f - 1 = 6. Let l(b) = -q + b**2 + b - 1 + 8. Determine l(0).
2
Let o = 21 - 15. Suppose y - h = 6*y - o, -4*h = 16. Let g(z) = 2*z + 4. Let j(x) = -x - 2. Let c(a) = -2*g(a) - 5*j(a). Calculate c(y).
4
Let i = 11 - 9. Let d be -60*i/(6 + -2). Let v be (-2)/6 + d/(-9). Let b(c) = c**2 - 4*c + 4. Calculate b(v).
1
Suppose 5*y + 0 = -4*w - 4, -3*y - 32 = -5*w. Let h(k) = 2*k**2 - 7*k + 5. Calculate h(w).
9
Let l(q) = 2*q**2 + q - 2. Let n(i) = -i**3 + 6*i**2 - 4*i - 7. Let v be n(5). Let w be l(v). Let h(s) = -s**3 + 3*s**2 + 6*s - 6. Calculate h(w).
2
Let d(l) be the first derivative of l**2/2 - 6*l - 3. Give d(5).
-1
Let c(v) be the second derivative of -v**7/840 + v**5/120 - v**4/12 - v**3/3 + v. Let d(k) be the second derivative of c(k). Suppose -2*z = -z. What is d(z)?
-2
Let d(y) = -5*y**2 + 18*y + 3. Let u(h) = -2*h**2 + 9*h + 2. Let w(g) = 3*d(g) - 7*u(g). Calculate w(-8).
3
Let i(p) = p**3 + 7*p**2 + 7*p + 10. Let q be i(-6). Let f(z) = -z + 5. Give f(q).
1
Let k(j) = -62*j - 1 + 69*j + 2. What is k(1)?
8
Let a(h) be the second derivative of -h**7/360 - h**6/720 - h**4/12 + 2*h. Let z(p) be the third derivative of a(p). Determine z(-1).
-6
Let p = 5 + -9. Let c = p - -7. Let z(w) = 12*w + 2 - 2*w**3 - 13*w + 3*w**c. Determine z(0).
2
Let k(f) = -f**3 + 8*f**2 - 7*f - 7. Let x be 3 - (1 - 4 - 1). What is k(x)?
-7
Let h(b) = b + 4. Let w = 4 - 4. Suppose -x + 2*x = w. Give h(x).
4
Let q(o) = o**2 + 3*o - 5. Suppose -2*a = a. Let w be (a - -1)/(4/(-20)). Give q(w).
5
Let k = -1 + 0. Let q be (0/k - -1)*0. Suppose 3*w + q*o - 5*o - 19 = 0, 3*w = -o + 7. Let g(i) = i**2 + i - 4. What is g(w)?
8
Let l(m) = -6*m**2 + 5*m - 7. Let v(j) = -j**2 - 1. Let h(c) = -l(c) + 5*v(c). Determine h(4).
-2
Let w(a) = a**3 - 10*a**2 + 8*a + 13. Let j be w(9). Suppose 5*d - 6 = j*d. Let z(p) = 2*p - 8. Determine z(d).
4
Let z(y) = -16*y + 5 + 42*y - 24*y. What is z(-4)?
-3
Suppose -5*z + j = -16 - 14, -2*z + 20 = -2*j. Suppose -25 = z*b - 0*b. Let t = 9 + b. Let r(n) = -n**2 + 5*n - 6. What is r(t)?
-2
Let z(p) = -p**2 + 2. Let a(d) = -7*d + 4*d - 2 + 2*d. Let v be a(-5). Suppose -21 = -2*s + 5*c, -4*s + c - v = -0*c. Give z(s).
-2
Let q(v) = v**2 + 4*v - 1. Let x = -10 + 7. What is q(x)?
-4
Suppose -f - 3*f + 12 = 0. Suppose b + f*r = -r - 16, -2*r = -4*b + 8. Let q(i) = -1 - i**3 - i**2 - i + 3 + 0*i**2 + 1. Determine q(b).
3
Let h be 4 - ((2 - -1) + -3). Let t(u) = -21*u + 15*u + h*u. Determine t(2).
-4
Let j(d) = -d**2 - 5*d - 4. Let z be j(-6). Let h(w) = 14*w**3 + w. Let x be h(-1). Let n = x - z. Let g(o) = o + 12. Determine g(n).
7
Let b(d) = -4*d - 3. Suppose -3*o + 6*v = v + 4, -5*v = -2*o - 6. Suppose -7*x - 10 = -o*x. Calculate b(x).
5
Let x be (-4)/4*(0 - 0). Suppose -4*z = p - 6, -3*z - 3*p + 2*p + 4 = x. Suppose 2*w - w = z. Let a(d) = 2*d - 2. What is a(w)?
2
Let a(q) = 2*q - 11. Let x be a(9). Let v(t) = -t**3 + 8*t**2 - 5*t - 9. Calculate v(x).
5
Let n(z) = z**3 - 4*z**2 + 4*z - 2. Let k(s) = -s. Let u(g) = 3*g + 1. Let q(l) = -2*k(l) - u(l). Suppose m - 4 = 2*m. Let a be q(m). Calculate n(a).
1
Let w be (2/5)/((-1)/(-5)). Suppose -3*p = -2*p - w. Suppose 0 = i - 3, 2*h - 6 = -0*i - p*i. Let b(y) = -y**3 - 5. Determine b(h).
-5
Let q(w) be the first derivative of -w**4/12 + w**3/2 + 3*w**2 + 3*w + 2. Let c(y) be the first derivative of q(y). What is c(5)?
-4
Let q(z) be the third derivative of -z**5/30 + z**4/24 - z**3/6 + 5*z**2 + 5*z. Calculate q(1).
-2
Let k(f) be the first derivative of -3*f**2/2 + 4*f - 11. What is k(3)?
-5
Let v(y) = -3*y**3 - 4*y**3 - 1 - 6*y - y**2 + 5*y. What is v(-1)?
6
Let m(d) = d**3 + 6*d**2 + 3*d + 22. Let g be m(-6). Let b(f) be the third derivative of 1/60*f**5 - 1/2*f**3 - 5/24*f**g + 3*f**2 + 0 + 0*f. Determine b(4).
-7
Suppose -2*z + 5*t + 22 = 0, 5*z - t - 9 = -0*t. Let q(g) = -2 + z + 3 + g + g. Give q(3).
8
Suppose -3*u = -0*u. Let v(z) = -z**2 + z - 2. Let k be v(u). Let w(t) = 11*t + 11. Let c(l) = 6*l + 6. Let d(o) = -5*c(o) + 3*w(o). Calculate d(k).
-3
Let o = -2 - -1. Let i(w) = 5*w**2 + 1. Calculate i(o).
6
Suppose 10 - 22 = -2*p. Let r(s) = s**3 - 6*s**2 - 2*s + 7. Calculate r(p).
-5
Let c(f) = -f**2 + 5*f - 2. Let o be c(3). Suppose b = o*b. Let n(q) = 4*q + q**3 + 3 + b*q - 2*q**3 - 2*q**2. What is n(-3)?
0
Let a be (3 + -5)/2*-15. Let q(n) = 3*n - n**2 - 13 + a + n. What is q(4)?
2
Suppose -6*g = -17 - 7. Let t(n) be the second derivative of -1/4*n**g + 3/2*n**2 + 2*n + 0 - 1/20*n**5 + n**3. Give t(-4).
-5
Let a(x) = x**3 + x. Let v = -14 + 6. Let c be (-12)/v*4/6. Let p be a(c). Let l(q) = 2*q**2 - 2. What is l(p)?
6
Let p = 4 - -1. Let c(y) = -5*y + 5. Let b(n) = -2*n + 2. Let l(u) = 11*b(u) - 4*c(u). What is l(p)?
-8
Let l(k) = 82 + 3*k - 80 - 2*k. Suppose 12 = y + 3*y. Give l(y).
5
Let m(j) = -35*j + 11 + 74*j - 41*j. Determine m(8).
-5
Let i(h) be the first derivative of -2*h**4 - 2*h**3/3 + h - 4. Determine i(-1).
7
Let h be 3 + (-27)/(3/1). Let k = h + 9. Suppose 10 + 2 = -k*c. Let s(u) = -3*u - 3. Determine s(c).
9
Let k(q) = -q + 4. Let j be 3 + -2 - (1 - 1). L